ivisor of 19 and q.
19
Suppose z - 4 - 2 = 0. Let i(g) = 2 + z*g**2 + g**3 - 3*g**2 + 4*g**2. Let l be i(-7). What is the highest common factor of l and 18?
2
Let o be (1 - -2)/(48/2560). Let i = 3 + -12. Let h be 48*3/(i/(-4)). What is the greatest common divisor of o and h?
32
Let h(k) = -k - 18. Let b(i) = i + 17. Let m(c) = -2*b(c) - 3*h(c). Let w be m(0). Calculate the highest common divisor of 8 and w.
4
Let t be (6/(-4))/((-12)/8). Suppose t = -h - 0. Let p be 66/12*(-48)/h. Calculate the highest common factor of p and 24.
24
Suppose -2*j + 196 = 9*w - 4*w, -4*j + 112 = 3*w. Calculate the highest common divisor of w and 440.
40
Let s = 4163 - 2092. Calculate the greatest common divisor of 19 and s.
19
Suppose -5*l + 1 + 9 = 0, 0 = 5*v - 4*l - 92. What is the highest common factor of 180 and v?
20
Let a = -1221 - -1634. What is the greatest common divisor of 118 and a?
59
Let g(r) = -46*r. Let t be g(5). Let n = t - -440. Suppose -m - n = -3*m. What is the highest common factor of 42 and m?
21
Suppose 6*n = 4*c + 3*n + 7, 0 = -3*c - 5*n + 31. Suppose 3*x + 4*z + 2 = 0, -x - 2*z - 10 + 8 = 0. Calculate the highest common divisor of x and c.
2
Suppose -57 - 515 = -22*f. What is the highest common divisor of f and 325?
13
Suppose -j - 2*l = -433, -7*l + 4*l + 1302 = 3*j. What is the highest common divisor of j and 261?
87
Let q = 560 - 532. What is the highest common divisor of 12 and q?
4
Let m = -157 - -289. Suppose 379 + 233 = 51*k. Calculate the greatest common divisor of m and k.
12
Suppose -649 = -47*c + 36*c. Calculate the greatest common divisor of 236 and c.
59
Let l = 602 - 591. What is the greatest common divisor of l and 22?
11
Suppose 5*c + 170 = y, 5*c = -y + 4*c + 146. What is the greatest common factor of y and 60?
30
Suppose 4*q - 55 = 3*s - 0*s, 3*s + 3 = 0. Let z be 1 - -1*(q - 3). Suppose -10*o + 55 = -5*o. Calculate the highest common factor of z and o.
11
Let j = -169 + 173. What is the highest common factor of j and 1?
1
Suppose 0 = -5*a + 3*a + 28. Let v(u) = 10*u - 41. Let z be v(a). What is the highest common divisor of 9 and z?
9
Suppose b + 20 = 3*b. Let i = -7 + 34. Let y be i/(-6)*30/(-9). What is the greatest common factor of b and y?
5
Let h be 60/(-2)*2/(-3). Let t(s) = -7*s**2 + 6*s - 1. Let u be t(4). Let i = 189 + u. Calculate the greatest common factor of h and i.
20
Let z = 8 + -1. Let f be 2*6 - -2 - 0/(-127). Calculate the highest common divisor of z and f.
7
Suppose n + 99 = 4*n. Let a = 40 + 11. Suppose 0*r - 39 = -5*x + 4*r, -r - a = -5*x. What is the highest common factor of n and x?
11
Let b = -161 - -28. Let c = 136 + b. What is the greatest common divisor of 3 and c?
3
Let l(u) = 359*u - 579. Let m be l(6). What is the greatest common divisor of m and 9?
9
Suppose 4*k - 9*k - 1250 = 0. Let s be 0 + -1*k/2. Calculate the highest common factor of s and 25.
25
Let l(x) = 4*x + 106. Let g be l(-21). What is the greatest common divisor of g and 198?
22
Suppose -29 = -2*g + 215. Let j be g - -3*(-2)/3. Suppose -2*i = -7*i - 3*m + 84, 4*m - 57 = -3*i. What is the highest common factor of j and i?
15
Let y be ((-70)/(-4))/(1/(-2)). Let m be (-94)/10 - 14/y. Let w be 7/(33/m + 4). What is the greatest common divisor of 3 and w?
3
Let h be (1/3)/(17/561). Suppose -h*k + 408 = -109. Calculate the greatest common divisor of 141 and k.
47
Suppose -9*s = -4376 - 7432. What is the greatest common divisor of s and 41?
41
Suppose 3*a - 75 = 4*a. Let d be a/(-10)*(4 - 0). Let i = -4 + d. What is the highest common divisor of i and 39?
13
Let n(h) = 22*h - 78. Let t be n(4). Calculate the highest common divisor of 4 and t.
2
Suppose 2*b + 68 = 4*v, 55*b - 56*b - 70 = -4*v. Suppose -29 + 164 = 3*q. Calculate the greatest common divisor of v and q.
9
Let u be (25/(-10))/((-5)/258). What is the greatest common factor of u and 344?
43
Let a = 111 - 30. Calculate the greatest common divisor of a and 54.
27
Let y be (0/(6 - 3))/(-1). Suppose y = 4*p - 0*p + 176. Let s be (p/8 + 3)*-12. What is the greatest common divisor of s and 45?
15
Let x = -79 - -177. What is the greatest common factor of 14 and x?
14
Let l be (-559911)/(-1672) + (-1)/(-16)*2. What is the highest common factor of l and 5?
5
Let d(y) = -y**3 - 2*y**2 + 42*y + 22. Let u be d(-8). Let f(w) = -174*w**3 + 2*w**2 - 1. Let a be f(-1). What is the greatest common factor of u and a?
35
Let m be (2 + 0)*60/(-8). Let s = 42 + m. Calculate the highest common factor of 27 and s.
27
Suppose -5*s + 3*q - 6 = 0, 3*q = 2*s + 2 + 4. Let l = -10 + s. Let p = l - -154. What is the highest common factor of p and 16?
16
Suppose 132*g + 72 = 135*g. Calculate the highest common divisor of 36 and g.
12
Suppose 4*f = 8*f. Suppose -4*z - 1 + 17 = f. Suppose 3*m - 4*i = 130 + 6, -3*m + 129 = 3*i. Calculate the greatest common divisor of z and m.
4
Let i = 134 - 132. Let n be 12/(-18) - 14/(-3). Suppose 10 = h + n*h. Calculate the greatest common factor of i and h.
2
Suppose -5*c + 68 = -3*g + 12, -c = 4*g + 44. Let l be ((-12)/10)/(g/40). Let n be l/10 - (-136)/10. Calculate the highest common factor of n and 112.
14
Let g(w) = -21*w + 30. Let h be g(-23). What is the highest common divisor of h and 108?
27
Suppose -19*l = -27*l + 600. Let n(d) = 7*d**2 - 2*d - 1. Let y be n(-1). Suppose -y*c + 3*c + l = 0. What is the highest common factor of c and 15?
15
Suppose -4*d + 3*j + 0*j + 119 = 0, 3*d - 82 = -5*j. What is the highest common divisor of d and 87?
29
Suppose -58 = -3*d + 92. Suppose -6*j + d + 94 = 0. Suppose m - 26 = 5*x, -4*m - 8 = 5*x - 162. What is the greatest common divisor of j and m?
12
Let x(h) be the second derivative of -h**5/20 + h**4/12 - h**2/2 + 6*h. Let p be x(-2). Calculate the highest common divisor of 33 and p.
11
Suppose 921 = 12*u - 591. Calculate the highest common factor of 28 and u.
14
Let h(m) = -m**2 - 10*m - 6. Let b be h(-7). Calculate the highest common factor of b and 105.
15
Let j = 66 - 39. Suppose -11*c + j + 39 = 0. Calculate the highest common divisor of c and 12.
6
Let i = -429 + 432. Suppose -g - 2*g = -90. Calculate the greatest common divisor of g and i.
3
Let v(b) = 22*b + 295. Let a be v(-30). Suppose -5*p - 4*u + 4350 = 1305, -4*p - 4*u + 2432 = 0. Let f = p + a. What is the greatest common divisor of f and 31?
31
Suppose -8*l = -1989 + 29. Calculate the greatest common divisor of 49 and l.
49
Suppose 5*j = 6*j - 3. Suppose 2*w - 1 = -2*u - j, 4*w + 16 = 2*u. Let o be (u - 1)*-1 - -15. Calculate the highest common divisor of o and 42.
14
Let d = -4 - 0. Let m(z) = -4*z - 3. Let v be m(d). Suppose 8*f - 324 - 508 = 0. What is the highest common divisor of v and f?
13
Suppose -2*b + 18 = z + b, -5*z = -b - 26. Suppose 0 = -3*j - 0*j - z. Let w be (-4)/(-8) - 13/j. Calculate the greatest common divisor of w and 21.
7
Let a(s) = 3*s + 121. Let u be a(0). Let m = u + -111. What is the highest common divisor of 2 and m?
2
Let u(r) = r**2 - 14*r + 96. Let x be u(9). Calculate the greatest common factor of x and 272.
17
Let i be 0 - (-2 - (-1 - (-4 + 3))). Suppose -i*r + 82 = 3*j, -2*r + 30 = j - 0*r. What is the highest common divisor of 13 and j?
13
Let r(v) = v**3 - 16*v**2 + 100*v - 12. Let c be r(7). What is the greatest common divisor of 152 and c?
19
Let k(o) = -27*o. Let y(j) be the first derivative of j**3/3 + 4*j**2 + j + 3. Let f be y(-7). Let c be k(f). What is the highest common divisor of 18 and c?
18
Suppose 12*n = 7*n + 25. Suppose 19 = 2*i - 1. What is the highest common divisor of n and i?
5
Suppose z = 5*h - 60, 5*z = -3*h + z + 36. Suppose -3*b + b + h = 0. Let i be b/15 - (-3357)/45. Calculate the greatest common divisor of i and 30.
15
Let v(f) = 3*f**2 - 2*f. Let x be v(-2). Suppose -28*c = -55*c + 648. What is the highest common factor of x and c?
8
Let n(j) = 7*j**2 + 2*j + 5*j**2 - 1 + 8*j**2. Let a = 105 - 104. Let f be n(a). What is the greatest common factor of 3 and f?
3
Suppose 16 + 3 = f. Calculate the greatest common factor of 171 and f.
19
Suppose 0 = 98*a - 65621 - 3469. What is the greatest common factor of a and 15?
15
Let t(n) = 2*n**2 + 6*n - 11. Let i be t(-5). Suppose -180 = -i*o + 3*o. What is the highest common factor of o and 40?
10
Suppose -76*r + 24*r = -18200. Calculate the highest 